{"id":12,"date":"2021-08-22T10:57:58","date_gmt":"2021-08-22T09:57:58","guid":{"rendered":"http:\/\/hosting147247.a2ea9.netcup.net\/?page_id=12"},"modified":"2025-05-04T15:51:24","modified_gmt":"2025-05-04T14:51:24","slug":"artist","status":"publish","type":"page","link":"https:\/\/chibikurai.at\/?page_id=12","title":{"rendered":"artist"},"content":{"rendered":"\n<p>Hi!<\/p>\n\n\n\n<p>Ich bin &#8222;chibikurai&#8220; &#8211; eine \u00d6sterreichische K\u00fcnstlerin, 1990er Jahrgang. Am besten macht ihr euch selbst einen Eindruck \u00fcber mich \u00fcber mein Portfolio. <\/p>\n\n\n\n<div class=\"wp-block-columns is-layout-flex wp-container-core-columns-is-layout-9d6595d7 wp-block-columns-is-layout-flex\">\n<div class=\"wp-block-column is-layout-flow wp-block-column-is-layout-flow\">\n<figure class=\"wp-block-image size-full\"><img fetchpriority=\"high\" decoding=\"async\" width=\"443\" height=\"486\" src=\"https:\/\/hosting147247.a2ea9.netcup.net\/wp-content\/uploads\/2021\/11\/digital.png\" alt=\"\" class=\"wp-image-238\" srcset=\"https:\/\/chibikurai.at\/wp-content\/uploads\/2021\/11\/digital.png 443w, https:\/\/chibikurai.at\/wp-content\/uploads\/2021\/11\/digital-273x300.png 273w\" sizes=\"(max-width: 443px) 100vw, 443px\" \/><\/figure>\n<\/div>\n\n\n\n<div class=\"wp-block-column is-layout-flow wp-block-column-is-layout-flow\">\n<figure class=\"wp-block-image size-full\"><img decoding=\"async\" width=\"400\" height=\"400\" src=\"https:\/\/chibikurai.at\/wp-content\/uploads\/2025\/05\/chibi-banner-round-smol.png\" alt=\"\" class=\"wp-image-413\" srcset=\"https:\/\/chibikurai.at\/wp-content\/uploads\/2025\/05\/chibi-banner-round-smol.png 400w, https:\/\/chibikurai.at\/wp-content\/uploads\/2025\/05\/chibi-banner-round-smol-300x300.png 300w, https:\/\/chibikurai.at\/wp-content\/uploads\/2025\/05\/chibi-banner-round-smol-150x150.png 150w, https:\/\/chibikurai.at\/wp-content\/uploads\/2025\/05\/chibi-banner-round-smol-100x100.png 100w\" sizes=\"(max-width: 400px) 100vw, 400px\" \/><\/figure>\n\n\n\n<p><\/p>\n<\/div>\n<\/div>\n\n\n\n<div class=\"wp-block-columns is-layout-flex wp-container-core-columns-is-layout-9d6595d7 wp-block-columns-is-layout-flex\">\n<div class=\"wp-block-column is-layout-flow wp-block-column-is-layout-flow\">\n<p><a href=\"https:\/\/chibikurai.at\/?page_id=8\" data-type=\"page\" data-id=\"8\">Portfolio<\/a><\/p>\n<\/div>\n\n\n\n<div class=\"wp-block-column is-layout-flow wp-block-column-is-layout-flow\">\n<p><a href=\"https:\/\/discord.gg\/x8x29x3nG3\" data-type=\"link\" data-id=\"https:\/\/discord.gg\/x8x29x3nG3\">Kontakt<\/a><\/p>\n<\/div>\n<\/div>\n\n\n\n<p><\/p>\n","protected":false},"excerpt":{"rendered":"<p>Hi! Ich bin &#8222;chibikurai&#8220; &#8211; eine \u00d6sterreichische K\u00fcnstlerin, 1990er Jahrgang. Am besten macht ihr euch selbst einen Eindruck \u00fcber mich \u00fcber mein Portfolio. Portfolio Kontakt<\/p>\n","protected":false},"author":1,"featured_media":0,"parent":0,"menu_order":0,"comment_status":"closed","ping_status":"closed","template":"","meta":{"footnotes":""},"class_list":["post-12","page","type-page","status-publish"],"_links":{"self":[{"href":"https:\/\/chibikurai.at\/index.php?rest_route=\/wp\/v2\/pages\/12","targetHints":{"allow":["GET"]}}],"collection":[{"href":"https:\/\/chibikurai.at\/index.php?rest_route=\/wp\/v2\/pages"}],"about":[{"href":"https:\/\/chibikurai.at\/index.php?rest_route=\/wp\/v2\/types\/page"}],"author":[{"embeddable":true,"href":"https:\/\/chibikurai.at\/index.php?rest_route=\/wp\/v2\/users\/1"}],"replies":[{"embeddable":true,"href":"https:\/\/chibikurai.at\/index.php?rest_route=%2Fwp%2Fv2%2Fcomments&post=12"}],"version-history":[{"count":4,"href":"https:\/\/chibikurai.at\/index.php?rest_route=\/wp\/v2\/pages\/12\/revisions"}],"predecessor-version":[{"id":426,"href":"https:\/\/chibikurai.at\/index.php?rest_route=\/wp\/v2\/pages\/12\/revisions\/426"}],"wp:attachment":[{"href":"https:\/\/chibikurai.at\/index.php?rest_route=%2Fwp%2Fv2%2Fmedia&parent=12"}],"curies":[{"name":"wp","href":"https:\/\/api.w.org\/{rel}","templated":true}]}}